what is 233331230 - 12?
233331212
In base 4, what is -3 - 11013222300100?
-11013222300103
In base 6, what is 4 - 50442505?
-50442501
In base 7, what is -132603 - -4224?
-125346
In base 8, what is -12356 + 15177?
2621
In base 14, what is -6d48b546 + 2?
-6d48b544
In base 11, what is -1343055 + 2?
-1343053
In base 9, what is -5647 - -517?
-5130
In base 16, what is cbf2c + -4?
cbf28
In base 12, what is a317178 + 5?
a317181
In base 9, what is -1048277 - -18?
-1048258
In base 7, what is 103 + -3036302?
-3036166
In base 8, what is -505253 + 45?
-505206
In base 10, what is 285149129 - -1?
285149130
In base 7, what is 1 - 13460236?
-13460235
In base 6, what is -134 - 310552221?
-310552355
In base 9, what is 38571307 - -3?
38571311
In base 10, what is 844654 + 6?
844660
In base 13, what is -2a531cb + 12?
-2a531b9
In base 7, what is -423013462 + 6?
-423013453
In base 2, what is 10011101010000000111 + 100000?
10011101010000100111
In base 16, what is c5510 + c?
c551c
In base 11, what is -89a5716 + 7?
-89a570a
In base 15, what is -1b330ad + 2?
-1b330ab
In base 10, what is -142950 + -10?
-142960
In base 4, what is -23201031113122 + -10?
-23201031113132
In base 16, what is -2b + -d070b?
-d0736
In base 5, what is 32 - 2240104?
-2240022
In base 6, what is -44214514 - -2?
-44214512
In base 4, what is 3 - 10232202100?
-10232202031
In base 10, what is 176055 - 65?
175990
In base 3, what is 10201111122201211 - -12?
10201111122202000
In base 2, what is -11 + -1000101111001001001101111011?
-1000101111001001001101111110
In base 13, what is -337 + -11b16?
-12150
In base 2, what is 11010101011010111101011 - 10?
11010101011010111101001
In base 3, what is 112 + 121002020220?
121002021102
In base 14, what is 13dc - -809?
1c07
In base 9, what is -276382 + 11?
-276371
In base 5, what is -2 + -212301230320?
-212301230322
In base 9, what is 137463 + -1568?
135784
In base 3, what is 1202220121221 + -2?
1202220121212
In base 7, what is -3322 + -14103?
-20425
In base 4, what is 2002022003 + 330?
2002022333
In base 16, what is 1fffe0d + -3?
1fffe0a
In base 14, what is 1 - 85d858?
-85d857
In base 11, what is -9987 + -591?
-a468
In base 16, what is 2d5 + 5dfe2?
5e2b7
In base 5, what is -323223213 - 12?
-323223230
In base 3, what is -111100 + -111110000111?
-111110111211
In base 3, what is 2211 + -221001021011?
-221001011100
In base 7, what is -6263 - 11146?
-20442
In base 6, what is 2315443 - 121?
2315322
In base 2, what is 101101001100111100101 - 10110?
101101001100111001111
In base 4, what is 33 - 1010021301212?
-1010021301113
In base 15, what is -3 + -2d9655?
-2d9658
In base 15, what is -e + 6eee1?
6eed2
In base 8, what is -1746 + 170004?
166036
In base 2, what is 101111111111000010101001111 + -10?
101111111111000010101001101
In base 14, what is 13b28d - -113?
13b3a2
In base 16, what is 0 + 1eb96b8?
1eb96b8
In base 12, what is -100 - 48b78a?
-48b88a
In base 12, what is -3 + -631405b3?
-631405b6
In base 4, what is -3 + -20211330232?
-20211330301
In base 4, what is 2322202011210 - 3?
2322202011201
In base 8, what is -4 + 32536224?
32536220
In base 15, what is -2 - -2425c?
2425a
In base 4, what is 303221212122 - 2?
303221212120
In base 12, what is -70b - 3ab5?
-4604
In base 6, what is 124230353 - 3?
124230350
In base 4, what is 11 - -1020010223221?
1020010223232
In base 5, what is -34312 - 3013001?
-3102313
In base 12, what is 12b202106 - -5?
12b20210b
In base 4, what is -12 + -23323211302?
-23323211320
In base 14, what is 2 + -7384445?
-7384443
In base 8, what is -7 + -5626745?
-5626754
In base 5, what is -32 - 303404022?
-303404104
In base 7, what is 11562064 + -265?
11561466
In base 15, what is 2d + 11ab59?
11ab87
In base 4, what is 2033 - -20232321100?
20232323133
In base 9, what is -1260 + 4507?
3237
In base 3, what is 100110 + -221001211?
-220201101
In base 2, what is 1001011110010101110 + -101110000?
1001011101100111110
In base 15, what is 4c - c4aed?
-c4aa1
In base 13, what is 7 - -162591b?
1625925
In base 13, what is -cb3 - 2573?
-3556
In base 12, what is -1074202 - 12?
-1074214
In base 11, what is 6938 - -265?
70a2
In base 5, what is 333 + 2141432304?
2141433142
In base 8, what is 0 + 25361163?
25361163
In base 10, what is -3 + 4180881?
4180878
In base 2, what is 111101100011100 - 1010111?
111101011000101
In base 3, what is 112 - -11222011122111?
11222011200000
In base 3, what is -210000112010021 - 0?
-210000112010021
In base 9, what is 2 - 520755478?
-520755476
In base 11, what is -a9a130 + 272?
-a99969
In base 14, what is 124 + 37556d?
375693
In base 16, what is -228c00 - 28?
-228c28
In base 15, what is -b353d9 - 0?
-b353d9
In base 16, what is 12a0c7 - -4?
12a0cb
In base 14, what is 16912d4 - 0?
16912d4
In base 15, what is -9b70d01 - -1?
-9b70d00
In base 4, what is 112000 - 2231113?
-2113113
In base 4, what is 223330 + -11112221?
-10222231
In base 16, what is -120ce5 + 4?
-120ce1
In base 3, what is -110021012000 + -101211?
-110021120211
In base 14, what is 8a13 + -268?
8789
In base 12, what is -535 - -45183?
4484a
In base 2, what is -1000101000000000001011 - -1?
-1000101000000000001010
In base 9, what is -1 - 47647227?
-47647228
In base 15, what is b3824 - 30?
b37e4
In base 15, what is -8 + -292402?
-29240a
In base 13, what is -2 + -603015?
-603017
In base 4, what is 1002330331 + -120012?
1002210313
In base 8, what is 75452 + -62?
75370
In base 3, what is 122202112110021 + -1?
122202112110020
In base 9, what is 686 - 308076?
-307280
In base 4, what is -33030 - 120332?
-220022
In base 15, what is 15d12bd + 2?
15d12c0
In base 12, what is -3 + 23417182?
2341717b
In base 6, what is -114012 + 1153405?
1035353
In base 14, what is -3 - 114340a?
-114340d
In base 15, what is -1 - ad1cb?
-ad1cc
In base 2, what is -101001 + -10010011000001010?
-10010011000110011
In base 4, what is 223221033 - 102010?
223113023
In base 14, what is 582dda + 6?
583002
In base 7, what is -2050112413 + -1?
-2050112414
In base 14, what is 4 + -62bb12?
-62bb0c
In base 2, what is -101 + 1100110100001111001010111?
1100110100001111001010010
In base 13, what is 2 + 44771987?
44771989
In base 2, what is -11010111100101111111011000011 + -10?
-11010111100101111111011000101
In base 14, what is 29a9 + -203d?
96a
In base 7, what is -3424062 - 22?
-3424114
In base 11, what is 68036 - 595?
67551
In base 3, what is 200200021 + 2122212010?
10100112101
In base 13, what is 1c - 1a8bbbb?
-1a8bb9c
In base 2, what is -1 - 100011100111010000000100100?
-100011100111010000000100101
In base 10, what is -90332 - -1522?
-88810
In base 4, what is -2201003211002 + 2?
-2201003211000
In base 7, what is 1606506 + 160?
1606666
In base 7, what is 121 - 1131061?
-1130640
In base 9, what is 386146 + 0?
386146
In base 6, what is 114220542 - -54?
114221040
In base 7, what is 13 + -1220033516?
-1220033503
In base 13, what is 9 + 3cca?
4006
In base 10, what is -22 - -874409?
874387
In base 8, what is 40 + 2121624?
2121664
In base 10, what is 28 - -30677715?
30677743
In base 3, what is -10210212111 + 1100?
-10210211011
In base 3, what is -11112 + -22221212112?
-22222001001
In base 13, what is -1 - 202177?
-202178
In base 15, what is -1aa4 - e3?
-1b97
In base 2, what is 101001100000111100101111 + 100?
101001100000111100110011
In base 16, what is 16 - -bb954?
bb96a
In base 8, what is 715 + -53056?
-52141
In base 6, what is 23245 + 3432?
31121
In base 10, what is 1123265199 + 0?
1123265199
In base 3, what is -1222220222020011 + -1?
-1222220222020012
In base 10, what is 13837 - -1909?
15746
In base 8, what is 441 + 1435463?
1436124
In base 9, what is -1460 - -36165?
34605
In base 12, what is -10973 + a022?
-2951
In base 15, what is -14c5b36 - -3?
-14c5b33
In base 11, what is 10092aa15 - -4?
10092aa19
In base 8, what is -2271 + -210261?
-212552
In base 13, what is -7 - -771101?
7710c7
In base 10, what is 64090478 - 5?
64090473
In base 5, what is 212 - -4112020100?
4112020312
In base 12, what is 12 - -1076359?
107636b
In base 12, what is -54386734 - -4?
-54386730
In base 11, what is -43aa5 + 28a?
-43816
In base 12, what is 2aa70 + 20b4?
30b64
In base 5, what is -141 + 3334420?
3334224
In base 13, what is 5023 + -a6?
4c4a
In base 6, what is -223412344 - 0?
-223412344
In base 16, what is 346a3 + 25?
346c8
In base 6, what is 3 + 10404403105?
10404